**2 + 7*m - 8. Give f(-10).
22
Let b(n) = n**3 + 15*n**2 - 15*n + 18. Calculate b(-16).
2
Let k(d) = d**2 - 4*d - 17. Give k(7).
4
Let r(w) = 4*w - 55. Determine r(16).
9
Let h(z) = z**3 + 2*z**2 - 3*z - 2. Calculate h(-3).
-2
Let y(a) = 7*a - 1. Determine y(-1).
-8
Let p(m) = m**3 - 7*m**2 - 6*m + 9. Give p(8).
25
Let w(p) = p**3 + 25*p**2 - 25*p + 22. Determine w(-26).
-4
Let n(y) = y**3 + 15*y**2 + 13*y - 13. Calculate n(-14).
1
Let c(k) = -4*k**2 + 2*k + 2. Determine c(5).
-88
Let d(b) = -4*b + 2. Determine d(-3).
14
Let l(j) = j - 4. Give l(5).
1
Let d(q) = q**2 + 14*q - 37. Determine d(-16).
-5
Let t(m) = 3*m**2 - 43*m + 11. Calculate t(14).
-3
Let l(z) = -2*z**2 + 2*z + 24. Give l(0).
24
Let i(r) = 7*r**2 + r + 13. What is i(-5)?
183
Let s(g) = -g**2 + 27*g + 30. What is s(28)?
2
Let u(g) = -g**3 - 14*g**2 - 24*g + 10. What is u(-12)?
10
Let c(b) = -b**3 - 12*b**2 + 10*b - 34. Give c(-13).
5
Let j(k) = 46*k**2 + 2*k + 2. What is j(-1)?
46
Let n(z) = 84*z + 667. Determine n(-8).
-5
Let r(w) = -2*w**2 - 8*w - 4. What is r(-3)?
2
Let v(h) = -h**2 + h + 3. What is v(0)?
3
Let v(m) = -m**2 - 10*m + 2. Calculate v(-10).
2
Let h(q) = -14*q. What is h(2)?
-28
Let d(s) = s**3 - 5*s**2 - 23*s + 17. Calculate d(8).
25
Let j(u) = 9*u + 14. Calculate j(6).
68
Let p(y) = -y**2 + 8*y - 2. Calculate p(7).
5
Let l(f) = 6*f + 5. Determine l(-5).
-25
Let k(s) = -s**3 - 15*s**2 + 36*s + 9. What is k(-17)?
-25
Let z(d) = d**2 + 11*d + 5. Calculate z(-11).
5
Let h(c) = c**2 - 42*c + 75. Determine h(2).
-5
Let i(l) = -7*l**2 - 106*l - 21. What is i(-15)?
-6
Let h(n) = 5*n - 9. Determine h(1).
-4
Let l(y) = y**3 - 14*y**2 + 24*y - 1. Calculate l(12).
-1
Let b(u) = 3*u**3 - 5*u**2 - 6*u + 6. Give b(3).
24
Let y(f) = f**3 - 5*f**2 - 2*f + 17. Determine y(5).
7
Let c(z) = z**3 - 19*z**2 + 61*z - 19. Calculate c(15).
-4
Let b(q) = -21*q + 95. What is b(5)?
-10
Let l(q) = q**3 + q**2 - 3*q + 1. Give l(2).
7
Let w(q) = -2*q + 2. Calculate w(-6).
14
Let w(v) = v**2 + 9*v - 20. Give w(0).
-20
Let d(x) = 27*x + 621. What is d(-24)?
-27
Let r(a) = 3*a - 26. What is r(13)?
13
Let o(l) = l**3 - 4*l**2 - 3*l - 35. Determine o(6).
19
Let j(w) = -w**3 + 36*w**2 + 77*w - 29. Give j(38).
9
Let r(p) = -p**3 + 6*p**2 + 2*p + 7. Give r(6).
19
Let j(y) = -y**3 - 32*y**2 - 86*y + 32. Give j(-29).
3
Let w(m) = m**2 - m - 4. Determine w(0).
-4
Let i(s) = 10*s + 7. Give i(6).
67
Let d(x) = x**3 - 5*x**2 - 13*x - 12. Calculate d(7).
-5
Let l(y) = 4*y**2 + 6*y + 6. Calculate l(-1).
4
Let m(s) = s**3 + 20*s**2 + 20*s + 17. Calculate m(-19).
-2
Let l(i) = -4*i - 7. What is l(-4)?
9
Let p(n) = n**2 + 2*n - 2. What is p(-8)?
46
Let a(s) = -3*s + 12. Give a(-5).
27
Let l(t) = -20*t**2 + t. Determine l(1).
-19
Let g(b) = -4*b - 7. Give g(-2).
1
Let u(d) = -2*d**3 - 3*d**2 + 4*d + 2. Calculate u(-3).
17
Let b(r) = r - 29. What is b(0)?
-29
Let a(l) = -l**2 + 5*l + 53. Determine a(10).
3
Let g(s) = -s**2 + 3*s + 8. What is g(7)?
-20
Let l(k) = -k + 1. Calculate l(2).
-1
Let j(u) = u**2 + 17*u + 47. Give j(-3).
5
Let g(f) = -f**2 + 23*f - 28. What is g(22)?
-6
Let s(j) = 2*j**2 + j - 19. Give s(8).
117
Let x(u) = 2*u**2 + 3*u + 4. Determine x(-3).
13
Let k(j) = -j**3 + 17*j**2 - 15*j - 11. What is k(16)?
5
Let t(a) = -a**2 - 22*a - 29. Determine t(-20).
11
Let d(f) = -8*f + 14. Calculate d(1).
6
Let b(o) = o**2 - 9*o + 17. Calculate b(4).
-3
Let l(t) = -4*t**2 - 119*t + 33. Calculate l(-30).
3
Let q(o) = o**3 + 10*o**2 + 6*o - 5. What is q(-8)?
75
Let k(c) = -c**2 + 8*c - 5. Give k(7).
2
Let t(m) = m**2 - 7*m + 7. What is t(7)?
7
Let k(t) = -4*t + 1. What is k(-2)?
9
Let n(z) = z**3 - 11*z**2 + 2*z - 17. Give n(11).
5
Let l(q) = -q**3 + 6*q**2 + q + 3. Calculate l(7).
-39
Let h(z) = z**3 - z**2 - 2*z - 1. What is h(3)?
11
Let w(o) = -o**3 + 6*o**2 + 72*o - 3. What is w(-6)?
-3
Let q(f) = f**2 - 9*f + 27. Give q(5).
7
Let d(g) = 15*g + 306. Give d(-21).
-9
Let m(u) = u**3 + 10*u**2 - 14*u - 24. What is m(-11)?
9
Let s(t) = t - 39. Determine s(35).
-4
Let k(z) = z**3 - 9*z**2 - 24*z + 4. Give k(11).
-18
Let c(z) = -z**3 - 2*z**2 - 4*z + 5. Determine c(2).
-19
Let n(j) = -3*j**2 - 33*j + 5. What is n(-10)?
35
Let s(z) = -2*z - 7. Determine s(-9).
11
Let v(b) = b**3 + 2*b**2 - 11*b - 1. Calculate v(-6).
-79
Let r(u) = -u**2 - 28*u + 36. What is r(-29)?
7
Let p(k) = 3*k - 10. Calculate p(5).
5
Let g(t) = 7*t + 5. Calculate g(-9).
-58
Let x(a) = -a**2 + 5*a + 1. Calculate x(4).
5
Let j(r) = r**3 + 7*r**2 + 9*r - 2. What is j(-5)?
3
Let i(u) = -u**2 + 4*u + 7. Calculate i(7).
-14
Let o(i) = i**3 - 19*i**2 - 2*i + 45. Give o(19).
7
Let t(b) = b**2 + 37*b + 126. What is t(-33)?
-6
Let g(q) = q**3 + 5*q**2 - 2*q. What is g(3)?
66
Let s(w) = 2*w**2 + 2*w - 5. Calculate s(3).
19
Let i(b) = 5*b**2 + 3*b + 3. What is i(-2)?
17
Let l(q) = 27*q**3 - q**2 + 5*q - 5. What is l(1)?
26
Let o(b) = -4*b + 22. What is o(18)?
-50
Let n(o) = o**2 + 21*o - 43. Determine n(-23).
3
Let p(b) = b + 7. Calculate p(-10).
-3
Let c(f) = f**3 + 12*f**2 - 2*f - 29. What is c(-12)?
-5
Let m(o) = -o**2 - 14*o - 38. Give m(-10).
2
Let s(t) = -17*t + 2. Give s(-2).
36
Let v(a) = 3*a**2 - 33*a - 4. Give v(11).
-4
Let s(k) = k**3 - 38*k**2 + 3*k - 114. Determine s(38).
0
Let t(o) = -o**3 - 5*o**2 + 3*o - 9. Give t(-6).
9
Let l(y) = -2*y + 43. What is l(33)?
-23
Let g(c) = -c**3 - 7*c**2 + 7*c - 2. Determine g(-8).
6
Let b(c) = c**3 - 6*c**2 + 4*c + 6. Determine b(5).
1
Let j(k) = -k**2 - k + 17. What is j(-4)?
5
Let c(w) = -9*w - 6. Give c(-8).
66
Let x(d) = -2*d**3 + 159*d**2 + 81*d - 95. Give x(80).
-15
Let c(o) = -20*o + 531. Calculate c(26).
11
Let l(v) = v**3 + 8*v**2 + v - 5. Give l(-7).
37
Let w(r) = -4*r + 62. What is w(18)?
-10
Let n(i) = 7*i + 231. Give n(-35).
-14
Let u(n) = n**2 - 13*n + 29. Determine u(12).
17
Let s(x) = -x**2 - 24*x - 75. Calculate s(-4).
5
Let f(x) = -x**2 + 17*x - 41. Determine f(12).
19
Let m(u) = 5*u**2 + 26*u + 14. What is m(-7)?
77
Let x(v) = -10*v**2 + v - 1. What is x(1)?
-10
Let p(g) = g**2 - 14*g + 44. Determine p(9).
-1
Let j(n) = 3*n + 25. Calculate j(11).
58
Let t(q) = -q**3 - 12*q**2 - 10*q - 8. Determine t(-11).
-19
Let h(q) = -q**2 - 4. Give h(4).
-20
Let q(k) = k**3 + 3*k**2 - 5*k + 10. Determine q(-5).
-15
Let g(y) = y**2 + 2*y - 6. What is g(-3)?
-3
Let s(y) = y - 9. Calculate s(4).
-5
Let u(t) = -24*t + 742. Calculate u(31).
-2
Let v(n) = -n**3 - 13*n**2 + 16*n + 42. What is v(-14)?
14
Let a(h) = 34*h**2 - h + 2. Give a(1).
35
Let f(u) = 2*u**3 + 26*u**2 + 2. Determine f(-13).
2
Let j(k) = -2*k**3 + 4*k**2 + 6*k - 16. Determine j(2).
-4
Let u(i) = i**2 + 137*i - 1001. Determine u(7).
7
Let s(i) = -2*i**3 - 57*i**2 - 34*i - 141. Determine s(-28).
27
Let r(d) = -2*d - 10. Calculate r(-6).
2
Let h(x) = x**3 - 3*x**2 - 11*x + 9. Give h(5).
4
Let v(p) = 26*p**3 - 1. Determine v(-1).
-27
Let q(d) = -d**2 - 45*d - 467. Give q(-28).
9
Let r(g) = 3*g**2 - 33*g + 45. Determine r(9).
-9
Let p(t) = -17*t - 54. Determine p(-3).
-3
Let z(m) = m**3 + 9*m**2 + 11*m + 4. Calculate z(-7).
25
Let o(z) = -z - 5. Give o(-1).
-4
Let o(y) = -39*y + 334. Give o(9).
-17
Let u(k) = -k**3 + 15*k**2 - 27*k + 20. What is u(13)?
7
Let a(h) = h**2 - 21*h + 17. What is a(21)?
17
Let a(t) = -t**3 + 17*t**2 - 16*t + 4. Give a(16).
4
Let k(u) = 3*u - 14. Give k(3).
-5
Let r(l) = -l**3 + 5*l**2 - 2*l - 1. Calculate r(6).
-49
Let a(g) = -5*g**2 - g + 127. What is a(0)?
127
Let n(b) = -b**3 + 3*b**2 - b - 8. Give n(-2).
14
Let r(t) = -t + 11. What is r(-19)?
30
Let g(l) = -l**2 + 65. Calculate g(0).
65
Let g(l) = -4*l - 22. What is g(-4)?
-6
Let b(f) = -16*f + 126. Calculate b(8).
-2
Let u(c) = c**2 + 16*c + 20. Give u(-16).
20
Let o(q) = -49*q. What is o(3)?
-147
Let o(r) = 2*r**2 - 62*r - 363. Determine o(-5).
-3
Let n(g) = g**3 + g**2 - 4*g + 9. Determine n(0).
9
Let g(q) = -q - 7. Calculate g(14).
-21
Let i(o) = -o**3 + 2*o**2 + 1. Determine i(2).
1
Let p(g) = -3*g**2 - 20*g - 23. What is p(-7)?
-30
Let o(t) = t**3 + 4*t**2 - 9*t - 3. Determine o(-6).
-21
Let u(p) = -p**3 - 6*p**2 + 14*p - 15. Calculate u(-8).
1
Let k(h) = h**3 + 11*h**2 - h - 13. Calculate k(-11).
-2
Let t(x) = -x**3 - 7*x**2 - 7*x + 1. Calculate t(-6).
7
Let j(o) = -o**3 - 6*o**2 - 6*o - 7. Calculate j(-6).
29
Let l(c) = c**3 - 4*c**2 - 7*c + 4. 